{"id":462,"date":"2025-05-14T19:18:05","date_gmt":"2025-05-14T19:18:05","guid":{"rendered":"http:\/\/191.edukovac.xyz\/?page_id=462"},"modified":"2025-06-02T08:34:17","modified_gmt":"2025-06-02T08:34:17","slug":"fransiza-5","status":"publish","type":"page","link":"https:\/\/191.edukovac.xyz\/index.php\/fransiza-5\/","title":{"rendered":"Fransiza"},"content":{"rendered":"<p>[et_pb_section fb_built=&#8221;1&#8243; admin_label=&#8221;Hero&#8221; _builder_version=&#8221;4.24.3&#8243; _module_preset=&#8221;_module_preset=&#8221; background_image=&#8221;https:\/\/images.unsplash.com\/photo-1489710437720-ebb67ec84dd2?ixid=M3w1ODkyNzF8MHwxfHNlYXJjaHw5fHxoYXBweSUyMGNoaWxkcmVuJTIwbGVhcm5pbmd8ZW58MHwwfHx8MTc0NzIyMDEwOHww&#038;ixlib=rb-4.1.0&#038;fm=webp&#038;fit=crop&#038;crop=entropy&#038;w=1920&#038;h=1080&#038;q=20&#038;dpr=2&#8243; custom_padding=&#8221;0px||0px||true|false&#8221; locked=&#8221;off&#8221; collapsed=&#8221;on&#8221; global_colors_info=&#8221;{}&#8221;][et_pb_row column_structure=&#8221;1_2,1_2&#8243; make_equal=&#8221;on&#8221; _builder_version=&#8221;4.25.2&#8243; _module_preset=&#8221;5138c454-be54-4233-bd3b-f8e6a8747976&#8243; width=&#8221;86%&#8221; custom_margin=&#8221;|auto||137px||&#8221; custom_padding=&#8221;0px||0px||true|false&#8221; box_shadow_style=&#8221;preset4&#8243; box_shadow_horizontal=&#8221;-30vw&#8221; box_shadow_vertical=&#8221;0px&#8221; box_shadow_color=&#8221;#FFFFFF&#8221; global_colors_info=&#8221;{}&#8221;][et_pb_column type=&#8221;1_2&#8243; _builder_version=&#8221;4.23.1&#8243; _module_preset=&#8221;73121f80-a3ef-4484-8763-c3f18e3c56d2&#8243; background_color=&#8221;#FFFFFF&#8221; custom_padding=&#8221;22%||22%||true|false&#8221; box_shadow_style=&#8221;preset4&#8243; box_shadow_horizontal=&#8221;200px&#8221; box_shadow_vertical=&#8221;0px&#8221; box_shadow_color=&#8221;#FFFFFF&#8221; global_colors_info=&#8221;{}&#8221;][et_pb_heading title=&#8221;Da li ste vi na\u0161 slede\u0107i fran\u0161izni partner?&#8221; _builder_version=&#8221;4.27.4&#8243; _module_preset=&#8221;ddeb8c09-9078-4424-bc15-2efb6572e28e&#8221; custom_margin=&#8221;-194px|||||&#8221; locked=&#8221;off&#8221; global_colors_info=&#8221;{}&#8221;][\/et_pb_heading][et_pb_text _builder_version=&#8221;4.27.4&#8243; _module_preset=&#8221;2c55a9c4-feed-423b-9edb-ae0b5b365cac&#8221; locked=&#8221;off&#8221; global_colors_info=&#8221;{}&#8221;]<\/p>\n<p><span>Ako ste neko ko:<\/span><br data-start=\"671\" data-end=\"674\" \/><span>\ud83d\udd38 Veruje da je rad sa decom vi\u0161e od posla<\/span><br data-start=\"716\" data-end=\"719\" \/><span>\ud83d\udd38 \u017deli da pokrene ne\u0161to svoje, a da ne po\u010dinje od nule<\/span><br data-start=\"774\" data-end=\"777\" \/><span>\ud83d\udd38 Tra\u017ei podr\u0161ku, proveren sistem i zajednicu istomi\u0161ljenika<\/span><br data-start=\"837\" data-end=\"840\" \/><span>\ud83d\udd38 Saanja da u njegovom gradu deca imaju prostor gde mogu rasti kao li\u010dnosti<\/span><br data-start=\"916\" data-end=\"919\" \/><span>&#8230;onda ste ve\u0107 na korak bli\u017ee tome da postanete Superheroj u svom gradu!<\/span><\/p>\n<p>[\/et_pb_text][\/et_pb_column][et_pb_column type=&#8221;1_2&#8243; _builder_version=&#8221;4.24.3&#8243; _module_preset=&#8221;73121f80-a3ef-4484-8763-c3f18e3c56d2&#8243; custom_padding=&#8221;8%||8%||false|false&#8221; custom_padding_tablet=&#8221;||8%|8%|false|false&#8221; custom_padding_phone=&#8221;0%||8%||false|false&#8221; custom_padding_last_edited=&#8221;on|tablet&#8221; global_colors_info=&#8221;{}&#8221;][et_pb_image src=&#8221;https:\/\/191.edukovac.xyz\/wp-content\/uploads\/2025\/05\/2-2-scaled.png&#8221; title_text=&#8221;2 2&#8243; _builder_version=&#8221;4.27.4&#8243; _module_preset=&#8221;1cc6152f-565c-4c4d-b0c9-cf8c9576c341&#8243; custom_margin_tablet=&#8221;-9vw|||-3vw|false|false&#8221; custom_margin_phone=&#8221;-9vw|||-3vw|false|false&#8221; custom_margin_last_edited=&#8221;off|desktop&#8221; box_shadow_style=&#8221;preset4&#8243; box_shadow_horizontal=&#8221;0px&#8221; box_shadow_vertical=&#8221;24px&#8221; box_shadow_blur=&#8221;72px&#8221; box_shadow_spread=&#8221;-12px&#8221; global_colors_info=&#8221;{}&#8221;][\/et_pb_image][\/et_pb_column][\/et_pb_row][\/et_pb_section][et_pb_section fb_built=&#8221;1&#8243; admin_label=&#8221;About&#8221; _builder_version=&#8221;4.25.1&#8243; _module_preset=&#8221;default&#8221; collapsed=&#8221;on&#8221; global_colors_info=&#8221;{}&#8221;][et_pb_row _builder_version=&#8221;4.25.1&#8243; _module_preset=&#8221;default&#8221; custom_margin=&#8221;-107px|auto||auto||&#8221; global_colors_info=&#8221;{}&#8221;][et_pb_column type=&#8221;4_4&#8243; _builder_version=&#8221;4.25.1&#8243; _module_preset=&#8221;default&#8221; global_colors_info=&#8221;{}&#8221;][et_pb_heading title=&#8221;\u0160ta dobijate?&#8221; _builder_version=&#8221;4.27.4&#8243; _module_preset=&#8221;c33f07d9-41e0-421a-8799-5799df695cce&#8221; global_colors_info=&#8221;{}&#8221;][\/et_pb_heading][\/et_pb_column][\/et_pb_row][et_pb_row column_structure=&#8221;1_2,1_2&#8243; _builder_version=&#8221;4.25.1&#8243; _module_preset=&#8221;default&#8221; global_colors_info=&#8221;{}&#8221;][et_pb_column type=&#8221;1_2&#8243; _builder_version=&#8221;4.25.1&#8243; _module_preset=&#8221;default&#8221; global_colors_info=&#8221;{}&#8221;][et_pb_text _builder_version=&#8221;4.27.4&#8243; _module_preset=&#8221;2c55a9c4-feed-423b-9edb-ae0b5b365cac&#8221; global_colors_info=&#8221;{}&#8221;]<\/p>\n<p data-start=\"996\" data-end=\"1239\" class=\"\">\ud83c\udf93 Kompletan program sa didakti\u010dkim materijalima<br data-start=\"1060\" data-end=\"1063\" \/>\ud83e\udde0 Obuku, podr\u0161ku i mentorstvo od prvog dana<br data-start=\"1107\" data-end=\"1110\" \/>\ud83c\udfa8 Brend, logo, vizuale, priru\u010dnike i marketing plan<br data-start=\"1162\" data-end=\"1165\" \/>\ud83d\udcca ISPLATIV i testiran model \u2013 realni prihod ve\u0107 od 15 upisanih mali\u0161ana<\/p>\n<p>[\/et_pb_text][\/et_pb_column][et_pb_column type=&#8221;1_2&#8243; _builder_version=&#8221;4.25.1&#8243; _module_preset=&#8221;default&#8221; global_colors_info=&#8221;{}&#8221;][et_pb_text _builder_version=&#8221;4.27.4&#8243; _module_preset=&#8221;2c55a9c4-feed-423b-9edb-ae0b5b365cac&#8221; locked=&#8221;off&#8221; global_colors_info=&#8221;{}&#8221;]<\/p>\n<p><span>\u0160TA NUDI PROGRAM \u201eSUPERHEROJI\u201c?<\/span><br data-start=\"1272\" data-end=\"1275\" \/><span>Postanite deo nacionalne mre\u017ee koja raste sa ljubavlju, znanjem i misijom.<\/span><br data-start=\"1349\" data-end=\"1352\" \/><span>Postanite nosilac svetlosti. Postanite SUPERHEROJ.<\/span><\/p>\n<p>[\/et_pb_text][\/et_pb_column][\/et_pb_row][\/et_pb_section][et_pb_section fb_built=&#8221;1&#8243; admin_label=&#8221;Features&#8221; _builder_version=&#8221;4.23.1&#8243; _module_preset=&#8221;default&#8221; locked=&#8221;off&#8221; collapsed=&#8221;on&#8221; global_colors_info=&#8221;{}&#8221;][et_pb_row _builder_version=&#8221;4.17.6&#8243; _module_preset=&#8221;5138c454-be54-4233-bd3b-f8e6a8747976&#8243; global_colors_info=&#8221;{}&#8221;][et_pb_column type=&#8221;4_4&#8243; _builder_version=&#8221;4.17.3&#8243; _module_preset=&#8221;73121f80-a3ef-4484-8763-c3f18e3c56d2&#8243; global_colors_info=&#8221;{}&#8221;][et_pb_heading title=&#8221;CILJNA GRUPA I POTENCIJAL TR\u017dI\u0160TA&#8221; _builder_version=&#8221;4.27.4&#8243; _module_preset=&#8221;c33f07d9-41e0-421a-8799-5799df695cce&#8221; locked=&#8221;off&#8221; global_colors_info=&#8221;{}&#8221;][\/et_pb_heading][\/et_pb_column][\/et_pb_row][et_pb_row column_structure=&#8221;1_2,1_2&#8243; _builder_version=&#8221;4.23.1&#8243; _module_preset=&#8221;5138c454-be54-4233-bd3b-f8e6a8747976&#8243; global_colors_info=&#8221;{}&#8221;][et_pb_column type=&#8221;1_2&#8243; _builder_version=&#8221;4.17.3&#8243; _module_preset=&#8221;73121f80-a3ef-4484-8763-c3f18e3c56d2&#8243; global_colors_info=&#8221;{}&#8221;][et_pb_image src=&#8221;https:\/\/191.edukovac.xyz\/wp-content\/uploads\/2025\/05\/1-2-scaled.png&#8221; title_text=&#8221;1 2&#8243; _builder_version=&#8221;4.27.4&#8243; _module_preset=&#8221;6ed8fd5c-62c5-4100-98c3-7b8b6d2c2ee6&#8243; global_colors_info=&#8221;{}&#8221;][\/et_pb_image][\/et_pb_column][et_pb_column type=&#8221;1_2&#8243; _builder_version=&#8221;4.17.3&#8243; _module_preset=&#8221;73121f80-a3ef-4484-8763-c3f18e3c56d2&#8243; global_colors_info=&#8221;{}&#8221;][et_pb_blurb title=&#8221;Potencijal&#8221; use_icon=&#8221;on&#8221; font_icon=&#8221;&#xf53c;||fa||900&#8243; _builder_version=&#8221;4.27.4&#8243; _module_preset=&#8221;65059203-12d3-44f6-8371-3f5cf61a0475&#8243; locked=&#8221;off&#8221; global_colors_info=&#8221;{%22gcid-f2943306-fa6c-45f0-b632-5fc00151366a%22:%91%22icon_color%22,%22icon_color%22%93}&#8221;]<\/p>\n<p><span>Poja\u010dano interesovanje za rano obrazovanje u kombinovanom formatu<\/span><\/p>\n<p>[\/et_pb_blurb][et_pb_blurb title=&#8221;Cljna grupa&#8221; use_icon=&#8221;on&#8221; font_icon=&#8221;&#xf5da;||fa||900&#8243; _builder_version=&#8221;4.27.4&#8243; _module_preset=&#8221;65059203-12d3-44f6-8371-3f5cf61a0475&#8243; locked=&#8221;off&#8221; global_colors_info=&#8221;{%22gcid-f2943306-fa6c-45f0-b632-5fc00151366a%22:%91%22icon_color%22,%22icon_color%22%93}&#8221;]<\/p>\n<p><span>Deca uzrasta od 4 do 10 godina<\/span><\/p>\n<p><span>Roditelji (naro\u010dito majke uzrasta 25\u201340 godina)<\/span><\/p>\n<p><span><\/span><\/p>\n<p>[\/et_pb_blurb][et_pb_blurb title=&#8221;Partneri&#8221; use_icon=&#8221;on&#8221; font_icon=&#8221;&#xf509;||fa||900&#8243; _builder_version=&#8221;4.27.4&#8243; _module_preset=&#8221;65059203-12d3-44f6-8371-3f5cf61a0475&#8243; locked=&#8221;off&#8221; global_colors_info=&#8221;{%22gcid-f2943306-fa6c-45f0-b632-5fc00151366a%22:%91%22icon_color%22,%22icon_color%22%93}&#8221;]<\/p>\n<p><span>Potencijalni partneri: vaspita\u010di, u\u010ditelji, pedagozi, preduzetnici u lokalnim zajednicama<\/span><\/p>\n<p>[\/et_pb_blurb][\/et_pb_column][\/et_pb_row][\/et_pb_section][et_pb_section fb_built=&#8221;1&#8243; admin_label=&#8221;Text&#8221; _builder_version=&#8221;4.24.3&#8243; _module_preset=&#8221;default&#8221; background_color=&#8221;gcid-primary-color&#8221; custom_padding=&#8221;||0px|||&#8221; locked=&#8221;off&#8221; collapsed=&#8221;on&#8221; global_colors_info=&#8221;{%22gcid-primary-color%22:%91%22background_color%22%93}&#8221;][et_pb_row _builder_version=&#8221;4.27.4&#8243; _module_preset=&#8221;5138c454-be54-4233-bd3b-f8e6a8747976&#8243; global_colors_info=&#8221;{}&#8221;][et_pb_column type=&#8221;4_4&#8243; _builder_version=&#8221;4.16.1&#8243; _module_preset=&#8221;73121f80-a3ef-4484-8763-c3f18e3c56d2&#8243; global_colors_info=&#8221;{}&#8221;][et_pb_heading title=&#8221;Kvalifikacioni Zahtevi&#8221; _builder_version=&#8221;4.24.3&#8243; _module_preset=&#8221;c33f07d9-41e0-421a-8799-5799df695cce&#8221; title_text_color=&#8221;#FFFFFF&#8221; locked=&#8221;off&#8221; global_colors_info=&#8221;{}&#8221;][\/et_pb_heading][et_pb_text _builder_version=&#8221;4.27.4&#8243; _module_preset=&#8221;0504de1e-f5ff-4281-ba60-cbbe4edf98bc&#8221; locked=&#8221;off&#8221; global_colors_info=&#8221;{%22gcid-primary-color%22:%91%22link_text_color%22%93,%22gcid-heading-color%22:%91%22header_text_color%22,%22header_4_text_color%22,%22header_3_text_color%22,%22header_2_text_color%22,%22header_5_text_color%22,%22header_6_text_color%22%93,%22gcid-body-color%22:%91%22text_text_color%22%93,%22gcid-secondary-color%22:%91%22quote_border_color%22%93,%22gcid-36fd78a7-34bc-404d-873c-dafa34efaae5%22:%91%22icon_color%22,%22icon_color%22%93}&#8221; body_font_size_tablet=&#8221;15px&#8221; body_font_size_phone=&#8221;14px&#8221; body_font_size_last_edited=&#8221;on|desktop&#8221;]<\/p>\n<p data-start=\"230\" data-end=\"470\">Fran\u0161iza nije samo poslovna odluka \u2013 to je ulazak u misiju. Tra\u017eimo partnere koji ne tra\u017ee &#8220;brz posao&#8221;, ve\u0107 \u017eele da dugoro\u010dno grade ne\u0161to \u0161to ima smisla i vrednost za zajednicu. Ako prepoznajete sebe u slede\u0107im ta\u010dkama, na pravom ste mestu:<\/p>\n<h3 data-start=\"472\" data-end=\"509\">\u2705 <strong data-start=\"478\" data-end=\"507\">Posve\u0107enost radu sa decom<\/strong><\/h3>\n<p data-start=\"510\" data-end=\"650\">Verujete da rad sa decom nije samo \u010duvanje, ve\u0107 ulaganje u budu\u0107nost. Imate razumevanje, strpljenje i \u017eelju da doprinosite njihovom razvoju.<\/p>\n<h3 data-start=\"652\" data-end=\"706\">\u2705 <strong data-start=\"658\" data-end=\"704\">Li\u010dne vrednosti uskla\u0111ene sa na\u0161om misijom<\/strong><\/h3>\n<p data-start=\"707\" data-end=\"844\">Negujete empatiju, po\u0161tovanje, saradnju i autenti\u010dnost. \u017delite da gradite okru\u017eenje u kojem se svako dete ose\u0107a vi\u0111eno, vredno i sigurno.<\/p>\n<h3 data-start=\"846\" data-end=\"892\">\u2705 <strong data-start=\"852\" data-end=\"890\">Spremnost na u\u010denje i li\u010dni razvoj<\/strong><\/h3>\n<p data-start=\"893\" data-end=\"1039\">Iako ne morate biti pedagog po struci, otvoreni ste za obuke, edukaciju i kontinuirani rad na sebi \u2013 jer lideri koji u\u010de, stvaraju najja\u010de timove.<\/p>\n<h3 data-start=\"1041\" data-end=\"1090\">\u2705 <strong data-start=\"1047\" data-end=\"1088\">Organizacione i komunikacione ve\u0161tine<\/strong><\/h3>\n<p data-start=\"1091\" data-end=\"1220\">Vodite tim, komunicirate sa roditeljima i zajednicom. Ume\u0107ete da organizujete svakodnevne aktivnosti, ali i da inspiri\u0161ete druge.<\/p>\n<h3 data-start=\"1222\" data-end=\"1280\">\u2705 <strong data-start=\"1228\" data-end=\"1278\">Finansijska stabilnost i spremnost na ulaganje<\/strong><\/h3>\n<p data-start=\"1281\" data-end=\"1425\">Za otvaranje i odr\u017eavanje fran\u0161ize potrebno je inicijalno ulaganje i osnovna finansijska stabilnost. Na\u0161 tim je tu da vas vodi kroz svaki korak.<\/p>\n<h3 data-start=\"1427\" data-end=\"1471\">\u2705 <strong data-start=\"1433\" data-end=\"1469\">Poduzetni\u010dki duh uz na\u0161u podr\u0161ku<\/strong><\/h3>\n<p data-start=\"1472\" data-end=\"1614\">\u017delite da pokrenete ne\u0161to svoje, ali cenite sigurnost proverenog sistema. Mi vam dajemo know-how, vi ga s ljubavlju primenjujete u svom gradu.<\/p>\n<p>[\/et_pb_text][\/et_pb_column][\/et_pb_row][\/et_pb_section][et_pb_section fb_built=&#8221;1&#8243; admin_label=&#8221;Services&#8221; _builder_version=&#8221;4.17.6&#8243; _module_preset=&#8221;default&#8221; locked=&#8221;off&#8221; collapsed=&#8221;on&#8221; global_colors_info=&#8221;{}&#8221;][et_pb_row _builder_version=&#8221;4.18.0&#8243; _module_preset=&#8221;5138c454-be54-4233-bd3b-f8e6a8747976&#8243; custom_margin=&#8221;|auto|-10px|auto|false|false&#8221; locked=&#8221;off&#8221; global_colors_info=&#8221;{}&#8221;][et_pb_column type=&#8221;4_4&#8243; _builder_version=&#8221;4.18.0&#8243; _module_preset=&#8221;73121f80-a3ef-4484-8763-c3f18e3c56d2&#8243; global_colors_info=&#8221;{}&#8221;][et_pb_heading title=&#8221;Podr\u0161ka za Fran\u0161izere&#8221; _builder_version=&#8221;4.24.2&#8243; _module_preset=&#8221;c33f07d9-41e0-421a-8799-5799df695cce&#8221; global_colors_info=&#8221;{}&#8221;][\/et_pb_heading][\/et_pb_column][\/et_pb_row][et_pb_row column_structure=&#8221;1_3,1_3,1_3&#8243; _builder_version=&#8221;4.24.2&#8243; _module_preset=&#8221;5138c454-be54-4233-bd3b-f8e6a8747976&#8243; global_colors_info=&#8221;{}&#8221;][et_pb_column type=&#8221;1_3&#8243; _builder_version=&#8221;4.17.3&#8243; _module_preset=&#8221;73121f80-a3ef-4484-8763-c3f18e3c56d2&#8243; global_colors_info=&#8221;{}&#8221;][et_pb_image src=&#8221;https:\/\/191.edukovac.xyz\/wp-content\/uploads\/2025\/05\/1-7.png&#8221; title_text=&#8221;1 7&#8243; _builder_version=&#8221;4.27.4&#8243; _module_preset=&#8221;6ed8fd5c-62c5-4100-98c3-7b8b6d2c2ee6&#8243; global_colors_info=&#8221;{}&#8221;][\/et_pb_image][et_pb_heading title=&#8221;Obuka i Edukacija&#8221; _builder_version=&#8221;4.24.2&#8243; _module_preset=&#8221;a3805066-8711-43c7-9f62-5782da0e9f7a&#8221; global_colors_info=&#8221;{}&#8221;][\/et_pb_heading][et_pb_text _builder_version=&#8221;4.24.2&#8243; _module_preset=&#8221;2c55a9c4-feed-423b-9edb-ae0b5b365cac&#8221; locked=&#8221;off&#8221; global_colors_info=&#8221;{%22gcid-36fd78a7-34bc-404d-873c-dafa34efaae5%22:%91%22icon_color%22,%22icon_color%22,%22icon_color%22,%22icon_color%22,%22icon_color%22,%22icon_color%22,%22icon_color%22,%22icon_color%22%93}&#8221;]<\/p>\n<p>Na\u0161 tim pru\u017ea sveobuhvatnu obuku za nove fran\u0161izere, uklju\u010duju\u0107i metodologiju rada i kori\u0161\u0107enje radnih materijala. Cilj je da svaki fran\u0161izer bude potpuno spreman za vo\u0111enje uspe\u0161nog poslovanja.<\/p>\n<p>[\/et_pb_text][\/et_pb_column][et_pb_column type=&#8221;1_3&#8243; _builder_version=&#8221;4.17.3&#8243; _module_preset=&#8221;73121f80-a3ef-4484-8763-c3f18e3c56d2&#8243; global_colors_info=&#8221;{}&#8221;][et_pb_image src=&#8221;https:\/\/images.unsplash.com\/photo-1525130413817-d45c1d127c42?ixid=M3w1ODkyNzF8MHwxfHNlYXJjaHw3fHx0ZWFtJTIwY29sbGFib3JhdGlvbiUyMHdvcmtzaG9wfGVufDB8MHx8fDE3NDcyNTAyMDR8MA&#038;ixlib=rb-4.1.0&#038;fm=webp&#038;fit=crop&#038;crop=entropy&#038;w=800&#038;h=600&#038;q=20&#038;dpr=2&#8243; title_text=&#8221;800&#215;600&#8243; _builder_version=&#8221;4.24.3&#8243; _module_preset=&#8221;6ed8fd5c-62c5-4100-98c3-7b8b6d2c2ee6&#8243; global_colors_info=&#8221;{}&#8221;][\/et_pb_image][et_pb_heading title=&#8221;Kontinuirana Podr\u0161ka&#8221; _builder_version=&#8221;4.24.3&#8243; _module_preset=&#8221;a3805066-8711-43c7-9f62-5782da0e9f7a&#8221; global_colors_info=&#8221;{}&#8221;][\/et_pb_heading][et_pb_text _builder_version=&#8221;4.24.3&#8243; _module_preset=&#8221;2c55a9c4-feed-423b-9edb-ae0b5b365cac&#8221; locked=&#8221;off&#8221; global_colors_info=&#8221;{%22gcid-36fd78a7-34bc-404d-873c-dafa34efaae5%22:%91%22icon_color%22,%22icon_color%22,%22icon_color%22,%22icon_color%22,%22icon_color%22,%22icon_color%22,%22icon_color%22,%22icon_color%22%93}&#8221;]<\/p>\n<p>SUPERHEROJI fran\u0161izeri imaju pristup stalnoj podr\u0161ci koja uklju\u010duje redovne posete, savetodavne aktivnosti i nadgledanje kvaliteta. Na\u0161 tim je tu da pomogne u svakom koraku.<\/p>\n<p>[\/et_pb_text][\/et_pb_column][et_pb_column type=&#8221;1_3&#8243; _builder_version=&#8221;4.17.3&#8243; _module_preset=&#8221;73121f80-a3ef-4484-8763-c3f18e3c56d2&#8243; global_colors_info=&#8221;{}&#8221;][et_pb_image src=&#8221;https:\/\/191.edukovac.xyz\/wp-content\/uploads\/2025\/05\/2-6.png&#8221; title_text=&#8221;2 6&#8243; _builder_version=&#8221;4.27.4&#8243; _module_preset=&#8221;6ed8fd5c-62c5-4100-98c3-7b8b6d2c2ee6&#8243; global_colors_info=&#8221;{}&#8221;][\/et_pb_image][et_pb_heading title=&#8221;Marketing Materijali&#8221; _builder_version=&#8221;4.24.2&#8243; _module_preset=&#8221;a3805066-8711-43c7-9f62-5782da0e9f7a&#8221; global_colors_info=&#8221;{}&#8221;][\/et_pb_heading][et_pb_text _builder_version=&#8221;4.24.2&#8243; _module_preset=&#8221;2c55a9c4-feed-423b-9edb-ae0b5b365cac&#8221; locked=&#8221;off&#8221; global_colors_info=&#8221;{%22gcid-36fd78a7-34bc-404d-873c-dafa34efaae5%22:%91%22icon_color%22,%22icon_color%22,%22icon_color%22,%22icon_color%22,%22icon_color%22,%22icon_color%22,%22icon_color%22,%22icon_color%22%93}&#8221;]<\/p>\n<p>Obezbe\u0111ujemo sve neophodne marketin\u0161ke materijale kako bismo vam pomogli da promovi\u0161ete SUPERHEROJI brend u va\u0161oj zajednici. Na\u0161i materijali su dizajnirani da privuku pa\u017enju i pove\u0107aju vidljivost.<\/p>\n<p>[\/et_pb_text][\/et_pb_column][\/et_pb_row][\/et_pb_section][et_pb_section fb_built=&#8221;1&#8243; admin_label=&#8221;Call to Action&#8221; _builder_version=&#8221;4.23.1&#8243; _module_preset=&#8221;default&#8221; custom_padding=&#8221;0px|||||&#8221; locked=&#8221;off&#8221; collapsed=&#8221;on&#8221; global_colors_info=&#8221;{}&#8221;][et_pb_row _builder_version=&#8221;4.18.0&#8243; _module_preset=&#8221;5138c454-be54-4233-bd3b-f8e6a8747976&#8243; custom_padding=&#8221;||27px|||&#8221; global_colors_info=&#8221;{}&#8221;][et_pb_column type=&#8221;4_4&#8243; _builder_version=&#8221;4.17.6&#8243; _module_preset=&#8221;73121f80-a3ef-4484-8763-c3f18e3c56d2&#8243; global_colors_info=&#8221;{}&#8221;][et_pb_cta title=&#8221;Na\u0161 sistem je spoj nauke, prakse i ljubavi prema detetu&#8221; button_url=&#8221;#&#8221; button_text=&#8221;Popunite upitnik i kontakitamo vas odmah!&#8221; _builder_version=&#8221;4.27.4&#8243; _module_preset=&#8221;be0cc754-576a-4b1c-868d-f6226f85de4d&#8221; header_text_align=&#8221;left&#8221; body_text_align=&#8221;left&#8221; button_alignment=&#8221;left&#8221; hover_enabled=&#8221;0&#8243; locked=&#8221;off&#8221; global_colors_info=&#8221;{%22gcid-828accbb-1ed2-407d-95be-20ab4e191566%22:%91%22border_color_all%22%93,%22gcid-heading-color%22:%91%22header_text_color%22%93,%22gcid-body-color%22:%91%22body_text_color%22%93,%22gcid-f2943306-fa6c-45f0-b632-5fc00151366a%22:%91%22button_text_color%22,%22button_text_color%22%93,%22gcid-36fd78a7-34bc-404d-873c-dafa34efaae5%22:%91%22button_text_color%22,%22button_text_color%22,%22button_text_color%22%93}&#8221; text_font_size_tablet=&#8221;16px&#8221; text_font_size_phone=&#8221;14px&#8221; text_font_size_last_edited=&#8221;on|phone&#8221; sticky_enabled=&#8221;0&#8243;]<\/p>\n<p><span>Ako veruje\u0161 da obrazovanje ne treba da bude \u0161ablon, ve\u0107 avantura. Ako \u017eeli\u0161 da radi\u0161 sa decom na na\u010din koji neguje znanje, emocije, pokret i igru. Ako tra\u017ei\u0161 model koji je proveren, uspe\u0161an i prepoznat od strane roditelja i struke \u2013 onda je <\/span><strong data-start=\"608\" data-end=\"634\">fran\u0161iza \u201eSuperheroji\u201c<\/strong><span> tvoj slede\u0107i korak.<\/span><\/p>\n<p>[\/et_pb_cta][\/et_pb_column][\/et_pb_row][\/et_pb_section]<\/p>\n","protected":false},"excerpt":{"rendered":"<p>Ako ste neko ko:\ud83d\udd38 Veruje da je rad sa decom vi\u0161e od posla\ud83d\udd38 \u017deli da pokrene ne\u0161to svoje, a da ne po\u010dinje od nule\ud83d\udd38 Tra\u017ei podr\u0161ku, proveren sistem i zajednicu istomi\u0161ljenika\ud83d\udd38 Saanja da u njegovom gradu deca imaju prostor gde mogu rasti kao li\u010dnosti&#8230;onda ste ve\u0107 na korak bli\u017ee tome da postanete Superheroj u svom [&hellip;]<\/p>\n","protected":false},"author":1,"featured_media":0,"parent":0,"menu_order":0,"comment_status":"closed","ping_status":"closed","template":"","meta":{"_et_pb_use_builder":"on","_et_pb_old_content":"","_et_gb_content_width":"","footnotes":""},"class_list":["post-462","page","type-page","status-publish","hentry"],"_links":{"self":[{"href":"https:\/\/191.edukovac.xyz\/index.php\/wp-json\/wp\/v2\/pages\/462","targetHints":{"allow":["GET"]}}],"collection":[{"href":"https:\/\/191.edukovac.xyz\/index.php\/wp-json\/wp\/v2\/pages"}],"about":[{"href":"https:\/\/191.edukovac.xyz\/index.php\/wp-json\/wp\/v2\/types\/page"}],"author":[{"embeddable":true,"href":"https:\/\/191.edukovac.xyz\/index.php\/wp-json\/wp\/v2\/users\/1"}],"replies":[{"embeddable":true,"href":"https:\/\/191.edukovac.xyz\/index.php\/wp-json\/wp\/v2\/comments?post=462"}],"version-history":[{"count":9,"href":"https:\/\/191.edukovac.xyz\/index.php\/wp-json\/wp\/v2\/pages\/462\/revisions"}],"predecessor-version":[{"id":660,"href":"https:\/\/191.edukovac.xyz\/index.php\/wp-json\/wp\/v2\/pages\/462\/revisions\/660"}],"wp:attachment":[{"href":"https:\/\/191.edukovac.xyz\/index.php\/wp-json\/wp\/v2\/media?parent=462"}],"curies":[{"name":"wp","href":"https:\/\/api.w.org\/{rel}","templated":true}]}}